9575?
2
What is the billions digit of 3512118869?
3
What is the ten thousands digit of 97063388?
6
What is the millions digit of 268763353?
8
What is the hundred millions digit of 376978918?
3
What is the thousands digit of 2111146621?
6
What is the millions digit of 794152542?
4
What is the thousands digit of 13422240?
2
What is the tens digit of 2191590115?
1
What is the hundred thousands digit of 25500131?
5
What is the ten thousands digit of 35344103?
4
What is the thousands digit of 15873078?
3
What is the tens digit of 33906240?
4
What is the hundred thousands digit of 430219194?
2
What is the hundred thousands digit of 167444149?
4
What is the billions digit of 3029674043?
3
What is the ten millions digit of 151313980?
5
What is the tens digit of 548079655?
5
What is the hundreds digit of 616162562?
5
What is the hundreds digit of 1165378408?
4
What is the ten millions digit of 1229994173?
2
What is the ten thousands digit of 146830617?
3
What is the thousands digit of 599023717?
3
What is the hundred thousands digit of 305044241?
0
What is the tens digit of 174725096?
9
What is the hundreds digit of 1351867600?
6
What is the units digit of 721570458?
8
What is the millions digit of 152564828?
2
What is the tens digit of 141971793?
9
What is the thousands digit of 1561000103?
0
What is the ten thousands digit of 1104709809?
0
What is the millions digit of 58955504?
8
What is the millions digit of 86273277?
6
What is the tens digit of 97802099?
9
What is the hundred thousands digit of 135826233?
8
What is the hundred thousands digit of 181634635?
6
What is the ten thousands digit of 68946996?
4
What is the hundred thousands digit of 138529142?
5
What is the units digit of 153412588?
8
What is the thousands digit of 2568293697?
3
What is the hundred millions digit of 312903261?
3
What is the units digit of 199490068?
8
What is the units digit of 44814434?
4
What is the hundred thousands digit of 210774501?
7
What is the tens digit of 11540760?
6
What is the hundred millions digit of 537446621?
5
What is the billions digit of 1769601334?
1
What is the hundred millions digit of 313136578?
3
What is the units digit of 1026802447?
7
What is the thousands digit of 48828626?
8
What is the millions digit of 7323909?
7
What is the hundred thousands digit of 10091311?
0
What is the units digit of 34889106?
6
What is the hundred millions digit of 822692148?
8
What is the thousands digit of 17609916?
9
What is the tens digit of 2471153965?
6
What is the millions digit of 725771872?
5
What is the millions digit of 45435832?
5
What is the tens digit of 48963119?
1
What is the ten millions digit of 1084042197?
8
What is the units digit of 264216881?
1
What is the tens digit of 61975135?
3
What is the hundred thousands digit of 1667178531?
1
What is the hundred thousands digit of 38216795?
2
What is the tens digit of 326315765?
6
What is the billions digit of 2072673869?
2
What is the millions digit of 90640515?
0
What is the ten thousands digit of 1334097840?
9
What is the tens digit of 3775042973?
7
What is the millions digit of 10194998?
0
What is the millions digit of 249646341?
9
What is the billions digit of 1897708930?
1
What is the millions digit of 118783593?
8
What is the hundred millions digit of 988271174?
9
What is the ten millions digit of 79723492?
7
What is the units digit of 28590374?
4
What is the hundreds digit of 9952494?
4
What is the thousands digit of 194284957?
4
What is the hundreds digit of 173279986?
9
What is the ten millions digit of 2017224267?
1
What is the tens digit of 259974799?
9
What is the ten millions digit of 588040407?
8
What is the hundred thousands digit of 5357375516?
3
What is the hundreds digit of 1071622212?
2
What is the thousands digit of 978774109?
4
What is the tens digit of 1864333690?
9
What is the hundred millions digit of 170674594?
1
What is the hundred millions digit of 249737569?
2
What is the hundreds digit of 426900210?
2
What is the tens digit of 39338496?
9
What is the units digit of 40718698?
8
What is the billions digit of 1145460005?
1
What is the millions digit of 24695728?
4
What is the hundreds digit of 326935391?
3
What is the hundreds digit of 622274839?
8
What is the ten thousands digit of 938686412?
8
What is the tens digit of 40313984?
8
What is the thousands digit of 43903508?
3
What is the hundreds digit of 33681440?
4
What is the units digit of 2202609799?
9
What is the thousands digit of 386161700?
1
What is the hundreds digit of 8240719639?
6
What is the ten millions digit of 651748501?
5
What is the ten thousands digit of 5460478?
6
What is the units digit of 488909136?
6
What is the hundreds digit of 2806768911?
9
What is the tens digit of 256646477?
7
What is the ten millions digit of 83031882?
8
What is the ten thousands digit of 46998878?
9
What is the units digit of 896715062?
2
What is the millions digit of 205630081?
5
What is the hundred thousands digit of 292702344?
7
What is the ten millions digit of 125824610?
2
What is the ten thousands digit of 268438060?
3
What is the ten millions digit of 2116389309?
1
What is the thousands digit of 277771411?
1
What is the ten thousands digit of 1981828734?
2
What is the thousands digit of 3354137902?
7
What is the hundreds digit of 162997604?
6
What is the hundred thousands digit of 294633179?
6
What is the hundred millions digit of 762962393?
7
What is the tens digit of 74423560?
6
What is the millions digit of 121452203?
1
What is the ten millions digit of 1473252974?
7
What is the millions digit of 106741414?
6
What is the ten thousands digit of 759676453?
7
What is the ten millions digit of 84761462?
8
What is the ten millions digit of 112162751?
1
What is the ten millions digit of 605060046?
0
What is the units digit of 126313383?
3
What is the ten millions digit of 174545505?
7
What is the thousands digit of 47495152?
5
What is the millions digit of 151888118?
1
What is the thousands digit of 21658036?
8
What is the ten millions digit of 36876870?
3
What is the ten thousands digit of 378611201?
1
What is the hundreds digit of 46646615?
6
What is the tens digit of 232888259?
5
What is the tens digit of 78834979?
7
What is the units digit of 347865191?
1
What is the billions digit of 2117577805?
2
What is the hundreds digit of 191657533?
5
What is the hundred thousands digit of 11884212?
8
What is the tens digit of 79970881?
8
What is the hundreds digit of 91487556?
5
What is the hundred thousands digit of 66134749?
1
What is the millions digit of 165578167?
5
What is the ten millions digit of 6055801150?
5
What is the ten thousands digit of 327792846?
9
What is the ten thousands digit of 591331881?
3
What is the thousands digit of 203801077?
1
What is the hundred millions digit of 831071991?
8
What is the millions digit of 1474605454?
4
What is the ten millions digit of 12007165?
1
What is the hundred millions digit of 413587536?
4
What is the thousands digit of 369759060?
9
What is the ten millions digit of 335329333?
3
What is the hundred thousands digit of 1920626918?
6
What is the hundreds digit of 61976167?
1
What is the ten thousands digit of 57278755?
7
What is the ten millions digit of 12093043?
1
What is the hundreds digit of 1102490358?
3
What is the units digit of 115407674?
4
What is the hundreds digit of 145864476?
4
What is the ten thousands digit of 59988720?
8
What is the ten thousands digit of 65367073?
6
What is the hundred millions digit of 122176105?
1
What is the hundred thousands digit of 264758213?
7
What is the tens digit of 200498700?
0
What is the hundreds digit of 85560179?
1
What is the units digit of 53288253?
3
What is the ten thousands digit of 875428191?
2
What is the units digit of 843014810?
0
What is the ten thousands digit of 39106845?
0
What is the hundreds digit of 4070812227?
2
What is the ten thousands digit of 976297982?
9
What is the ten millions digit of 293592380?
9
What is the units digit of 158211776?
6
What is the thousands digit of 1591994284?
4
What is the ten thousands digit of 254802345?
0
What is the tens digit of 2545279564?
6
What is the hundreds digit of 986785876?
8
What is the hundreds digit of 2164100704?
7
What is the tens digit of 172545567?
6
What is the te